 of -q**4/8 + 13*q**3/6 + 3*q**2. Let k(i) = i - 7. Let o(g) = -11*k(g) - 6*v(g). Let u = -1 - -2. Determine o(u).
6
Let i(j) = 2*j - 1. Let d(k) be the first derivative of 3 + 1/3*k**3 - 1/2*k**2 - 1/4*k**4 - 2*k. Let l be d(0). Give i(l).
-5
Let m(b) be the third derivative of -b**4/24 - b**3/6 - b**2 + 54*b. Let v be (-2)/(-2) + 0 + -5. Give m(v).
3
Let v(g) be the second derivative of -g**6/240 - g**5/40 + g**4/3 + 8*g. Let a(l) be the third derivative of v(l). Determine a(-2).
3
Let o be 0 - -5 - (-2 + 0). Let j(i) = 7 - o + 3*i. Suppose -x = -0*t + 2*t - 1, -x + 3*t - 4 = 0. Determine j(x).
-3
Let q = 8 - 7. Let z be (-4 - -5)*q/1. Let s(n) = -n**3 + 0*n**3 + n**2 + 0*n - n. Calculate s(z).
-1
Let u = 116 - 113. Let h(p) = -p**2 + 3*p + 4. Give h(u).
4
Let u(w) = w**2 + 8*w + 7. Let q be u(-5). Let a(h) = h**3 + 7*h**2 - 9*h - 9. Give a(q).
-1
Let v(x) = x**2 - 9*x - 7. Let l(i) = 4*i**2 - 37*i - 27. Let j(m) = 2*l(m) - 9*v(m). Determine j(7).
9
Let h(l) = -4*l**3 + l**2 + l - 1. Suppose -3*c - 17 = -4*z + 37, -3*z + 5*c = -46. Let n be z/14 + (-7)/(-49). Determine h(n).
-3
Let u(h) = h**2 - 6*h - 3. Let c be (3 - 1)*(-2)/(-4). Let m be c + 1 + 1 + -2. Let d be (-27)/(-6) - m/(-2). Calculate u(d).
-8
Let o(l) = l + 1. Suppose 2 = -0*d + d. Suppose d*u = 7*u + 3*t + 31, -4*u - 18 = -t. Calculate o(u).
-4
Let w(r) = -2*r - 2. Let x be w(-2). Let d(h) = -h**2 + x*h**2 - h**3 - 7*h**2 + 6 + 2*h. Let l(s) = s**2. Let z(c) = d(c) + l(c). Determine z(-5).
-4
Let c(h) = -4*h - 7. Let b be c(-2). Let d(w) = 0 - 4 + b + w + 0. What is d(5)?
2
Let h(v) = 3 - 15*v**2 + 30*v**2 - 14*v**2 - 4*v. Let r = 8 + -4. Determine h(r).
3
Let w(k) = k**3 + k**2 + k - 1. Let q be w(1). Let c be (-4 + q - -2) + 0. Let r(z) = z**2 - z + 2. Give r(c).
2
Let i be (1/(-3))/(1/(-6)). Let d(s) = 4*s**2 - 1 + 2 + 0 - 3*s**i. Determine d(2).
5
Suppose -3*u + t - 1 = -t, 4*t = 20. Let j(b) be the first derivative of 5/2*b**2 - 1/3*b**3 - b + u. Give j(4).
3
Let d = -16 + 25. Let z(p) = 4 - 3*p - 5 + d*p**2 + 3*p. Give z(-1).
8
Let q be (-3)/(0 + 0 + 1). Let j(d) = -d**3 - 2*d**2 + 4*d - 3. Let a(n) = 9*n**3 + n + 3 - 6*n + 2*n**2 - 8*n**3. Let o(t) = 2*a(t) + 3*j(t). Determine o(q).
0
Let b be (27/6)/3*-2. Let j(s) = -2*s - 2 - 2*s + 5*s. Calculate j(b).
-5
Let i(d) = -d**2 + 5*d + 1. Let g(z) = 2*z**2 - 11*z - 3. Let h(b) = -3*g(b) - 7*i(b). Suppose 5*v = -3*o + 4*o + 13, -4*v + 12 = 0. What is h(o)?
2
Let l(f) = 5*f**2 - 2*f + 3. Let w(z) = 9*z**2 - 4*z + 5. Let s(j) = -7*l(j) + 4*w(j). Calculate s(3).
2
Suppose -8 = -4*w, -w - w + 14 = -2*c. Let n = c + 0. Let m be (-2 - n) + -6 + 1. Let u(l) = -2*l - 3. What is u(m)?
1
Let g(p) = -p**3 + 5*p**2 + p. Suppose 4*x - z = 23, 3*x + 0*x - 27 = 4*z. Determine g(x).
5
Let c(q) = -8*q. Let b be (-14)/10 + (-2)/(-5). Let z(a) = a**3 - 5*a**2 - 2*a + 7. Let h be z(5). Let v be b*h/(3 + 0). Give c(v).
-8
Let v(u) = -7*u. Suppose 4*s - 5*s = -1. Calculate v(s).
-7
Let p(a) = a**3 + 7*a**2 - a - 6. Let j be p(-7). Let z(s) = -s**2 - j - 1 + 3*s**2. Determine z(-2).
6
Suppose 15 = -7*u + 10*u. Let k(q) = q**2 - 3*q - 2. Give k(u).
8
Let d(b) = 5*b - b + 1 - b. Calculate d(-1).
-2
Let y(f) = -2 + 1 - 1 - 3*f. Let r be (5/(5/8))/2. Suppose 0 = 5*n - 3*t + 9, -6*n + 4*n + t - r = 0. Give y(n).
7
Let q(n) = n**2 - 7*n - 11. Let z be q(8). Let d(y) = -2*y - 4. Let b be d(z). Let v(j) = -3*j - 7*j**2 - j + 2*j**2 + 4*j**b - 5. What is v(-4)?
-5
Let r(t) be the third derivative of -3*t**5/20 + t**4/24 - 20*t**2. Give r(1).
-8
Let c(v) = -v**3 + 4 + 0*v**3 - 6*v**2 + 7*v**3 - 2*v**3 + 4*v. Let k(m) = -3*m**3 + 6*m**2 - 4*m - 4. Let b(w) = 2*c(w) + 3*k(w). What is b(5)?
1
Let j(n) = -2*n - 3. Let t be j(-2). Let g = 1 + t. Let i(l) = l + g*l - 1 + 6*l. Calculate i(1).
8
Let n(p) = -p + 1. Let o(x) = x**3 + 4*x**2 + 2*x - 4. Let j(c) = -5*n(c) - o(c). Determine j(2).
-19
Let v(q) = -q**3 + 6*q**2 + 6*q + 1. Let s be (-16)/3*(-6)/4. Suppose 0 = 2*k - s - 6. Determine v(k).
-6
Let h be 4/(1 + 19) + 217/(-35). Let c(j) = 7 + 0*j**2 + 0*j**2 + 6*j + j**2. What is c(h)?
7
Let q = 7 - 14. Let m(d) = -d**3 - 8*d**2 - 9*d - 8. Let x be m(q). Let u(c) = c**3 - 7*c**2 + 6*c. Give u(x).
0
Let b(z) = -3*z**2 - 7*z - 7. Let d(i) = -16*i**2 - 35*i - 36. Let v(g) = -11*b(g) + 2*d(g). Let r be v(-7). Let f = -3 + r. Let k(s) = s**2 - 2. What is k(f)?
2
Let c(z) = z - 4. Let t be c(7). Let y(w) = 4 - 5*w**2 + 3*w**t + 0*w**3 + 2*w**3 - 4*w**3. Calculate y(5).
4
Suppose 2*q + 2*q = 8. Suppose z = -3*z + 5*u - 37, q*z - 9 = -3*u. Let j(y) be the first derivative of y**4/4 + 2*y**3/3 - y**2/2 + 3*y + 15. Give j(z).
-3
Suppose 0 = -2*m - 2 + 4. Let y(l) = 3*l**3 + l - 1. Give y(m).
3
Let w(n) = -7*n - 2*n + 3 - 8*n**2 + 9*n**2 + 2*n. Determine w(5).
-7
Let p(r) be the first derivative of r**3/3 + r**2 - 4*r + 2. Suppose s = -0*s - 5*m - 22, -s = 2*m + 7. Determine p(s).
11
Let s(n) = -2*n**3 + 11*n**2 - 27*n - 12. Let p(q) = q**3 - 6*q**2 + 13*q + 6. Let u(b) = -9*p(b) - 4*s(b). What is u(9)?
-6
Let d = -28 - -39. Let l(x) = x**2 - 9*x - 15. Let w be l(d). Let h(b) = -b + 6. Determine h(w).
-1
Let g(f) = f + 2*f**2 + 5*f**2 + f**2. Suppose -y + 10 = -5*x, -x - 3 = -5*y - 1. Let d(l) = l**2 + 1. Let b be d(y). What is g(b)?
9
Let b(k) = -k**2 + 4*k + 8. Let p = 62 + -39. Suppose q = 5*y + 1, 4*q - p = 3*y - 2*y. Give b(q).
-4
Suppose -5*z + 4 = -l, 3*z - 2*l = -0*l + 8. Let w(o) be the second derivative of 0 + 1/2*o**2 + 2*o + 0*o**3 + 1/12*o**4 - 1/20*o**5. Determine w(z).
1
Let i(u) be the second derivative of -1/6*u**4 - u**2 + 2/3*u**3 + 2*u + 0. Give i(2).
-2
Let x(w) = 5*w. Let z(a) be the second derivative of -a**2/2 - 3*a. Let b(l) = x(l) - 3*z(l). Give b(-3).
-12
Let b(t) = -t**2 + 2*t + 2. Let h be (-13)/5 - (-4)/(-10). Let m = h + 7. What is b(m)?
-6
Let m(y) = -18*y**3 + 4*y**2 + 3*y - 7. Let r(l) = -12*l**3 + 3*l**2 + 2*l - 5. Let p(t) = 5*m(t) - 7*r(t). Suppose 2 = -w + 3*w. Let f = 0 + w. Calculate p(f).
-6
Suppose -3*a + a = -5*v - 17, 2*a = 2*v + 8. Let w be 1*-3*v/(-3). Let u(i) be the first derivative of i**2/2 + 3*i + 1. Calculate u(w).
0
Let g(j) be the second derivative of j**4/12 + 5*j**3/6 + 6*j. Give g(-4).
-4
Suppose m - 5*p + 11 = 0, m - 4*m - p + 15 = 0. Suppose -40 = -4*w - m*n, 0*w + 4*w - 12 = 3*n. Let l(h) = -w*h + 1 + 2*h**2 - h**2 - 5. Determine l(5).
-9
Let w(i) be the second derivative of -i**5/20 + i**3/2 + 3*i**2/2 + 4*i. Let j be w(-2). Let t(k) = -k**2 + 6*k + 2. Calculate t(j).
7
Let l(u) = -u - 7. Let j be 1/(2/(-14) + 0). Let i = -12 - j. Calculate l(i).
-2
Let v(l) be the third derivative of -l**5/60 - l**4/24 + 3*l**3/2 - 10*l**2. Calculate v(0).
9
Let r be -7*(3/(-1))/3. Let t(q) = -q + 4. Let f be t(r). Let v(i) = i**3 + 4*i**2 + 2*i + 4. What is v(f)?
7
Let k(q) = -5*q - 69. Let f be k(-14). Let s(l) = 6*l**3 - l**2 + 2*l - 1. What is s(f)?
6
Let p(m) = -m**2 - 8*m - 7. Suppose -29 = 8*s + 19. Determine p(s).
5
Let o(z) be the third derivative of -z**5/60 - z**4/8 + z**3/2 + 4*z**2. Determine o(-3).
3
Let a(z) = -z**3 - 28*z**2 - z - 23. Let d be a(-28). Let g(v) = v**2 - 6*v - 3. Let h be g(7). Let u(c) = -c + 1 - 4*c + h*c. Give u(d).
-4
Suppose -h + 2*f + 5 + 0 = 0, 4*h - 4*f - 20 = 0. Let w = h - 5. Let o(n) = -3 - 2 + w*n - n + 6. What is o(-3)?
4
Let s(k) = 32*k + 10. Let m(g) = 22*g + 7. Let o(j) = -7*m(j) + 5*s(j). Calculate o(5).
31
Let y(l) = l + 7. Suppose -7*p = -3*p - 72. Suppose -3*w - 2*k = p, -w - 4*k + 0*k - 6 = 0. Give y(w).
1
Let j(v) = v**2 + 8*v + 9. Let q(o) = o**3 + 19*o**2 + 6*o - 12. Let z(r) = -r**3 - 18*r**2 - 5*r + 11. Let n(p) = -5*q(p) - 6*z(p). Let b be n(-13). Give j(b).
-3
Let v = 0 + 2. Let m(j) be the second derivative of -j - 1/3*j**3 - 3/2*j**v + 0. Calculate m(-2).
1
Let g(u) = 5*u + 11 + 4 - 13 - 4*u. What is g(4)?
6
Let s(d) = d**3 - 4*d**2 - 5*d. Suppose -3*z = 2*v - z + 12, 4*v + 9 = -z. Let i be 2 - (v/(-1) + 1). Suppose 2*f + i*f = 10. Determine s(f).
0
Let v(c) = -c**2 + 2*c - 2. Let a be -6*(-3)/(-6)*-1. Determine v(a).
-5
Let i(u) = u**3 + 2*u**2 - u. Let t(p) = p + 3. Let j be t(-6). Give i(j).
-6
Let p(d) = 4*d**2 - 3*d. Let z be p(2). Suppose -z*b = -8*b + 4. Let j(n) = 2*n + 3. Give j(b).
-1
Suppose l = 3*l + 10. Let g be (-2)/8*-4*-1. Let q(t) = 5*t**3 + 5*t**2